 Determine x(h).
-22
Let m = 2 - -4. Let t be 3/m - (-1)/(-2). Suppose 0*z - 3*z = t. Let x(i) = i + 19. Give x(z).
19
Let s(a) be the first derivative of 16*a**2 + a - 3324. What is s(0)?
1
Let f = -32 + 34. Suppose 0 = -7*r + 12 + f. Let x be -3*(r + (-4 - (-8)/12)). Let m(h) = 4*h - 3. Give m(x).
13
Let f(y) = y**2 - 20*y + 28. Let w be (21 - (0 + -8)) + (-11 - 0). Give f(w).
-8
Let x(q) = -25*q**2 - 41*q + 39. Let g(z) = -6*z**2 - 9*z + 9. Let h(l) = 18*g(l) - 4*x(l). Calculate h(-2).
-30
Suppose -9090 = 21*z + 2208. Let q = 534 + z. Let p(x) = 3*x**2 + 7*x - 7. Give p(q).
13
Let j(n) = 20*n**2 - 142*n + 6. Let i = -11170 + 11177. What is j(i)?
-8
Let l be (-4)/22 + (404/44 - 3). Suppose 0 = -15*g + 12*g + l. Let x(p) = g - p + 0*p + 0*p. Calculate x(-7).
9
Let j(n) = n**3 - 10*n**2 + n - 11. Suppose 2*z + 3*z = 120. Suppose 25*s - z*s - 10 = 0. Give j(s).
-1
Let l(c) be the second derivative of -c**3/6 + 16*c**2 - 3*c - 17. Determine l(26).
6
Let o(n) = -151*n + n - 2*n**2 - 1 + 90*n. Give o(-30).
-1
Let w(p) = -38*p**3 + 5*p + 6*p + 10*p**2 + 2 + 2*p + 77*p**3 - 41*p**3. What is w(6)?
8
Let j be (112/84*1*3 - 6)*-1. Let t(q) = -11*q + 12. Determine t(j).
-10
Let d(o) = o**3 - 10*o**2 - 9*o - 24. Suppose 229*r = 180*r + 539. What is d(r)?
-2
Let d(i) = i**2 - 21*i + 2. Let w(b) = b**2 - b - 1. Let q(c) = d(c) + 2*w(c). Let s be q(8). Let h(y) = -y**3 + 8*y**2 + 6. Give h(s).
6
Let c(b) be the first derivative of b + 9/2*b**2 - 71. What is c(-2)?
-17
Suppose -10 = 2*r + 3*x, -6*r - 2*x - 10 = -3*r. Let t = 0 - r. Let b(a) = -1 + 3*a**2 - a**2 - t*a + 4*a - 8*a**3 + 7*a**3. Calculate b(3).
-4
Let f(k) be the second derivative of 2*k**2 + 2*k + 5 - 1/3*k**3. Determine f(7).
-10
Let j = 13 + -11. Let s = 55 + -52. Let p(b) = 30 - 53 + b**j - b**s - b + 25. Calculate p(2).
-4
Let w(i) be the second derivative of i**4/3 + 23*i**3/6 - 35*i**2/2 + 2814*i + 3. Determine w(-7).
0
Let a(x) = x**2 + 13*x + 34. Let z be 168/(-36)*(-12)/(-7). Determine a(z).
-6
Let i(r) = 8*r**3 + 2*r**2 - r - 1. Let o(q) = 100*q**3 + 22*q**2 - 6*q - 6. Let t(x) = -10*i(x) + o(x). Give t(-2).
-156
Suppose 0 = 33*j + 5023 - 1129. Let t = -122 - j. Let a(k) = -k**3 - 5*k**2 - 5*k. Determine a(t).
4
Let i(d) = -438*d + 97. Let v(k) = -510*k + 95. Let s(m) = -7*i(m) + 6*v(m). Determine s(19).
5
Let n(x) = x**2 + 74*x + 1083. Let z be n(-20). Let b(t) be the second derivative of -t**z - 9*t + 7/2*t**2 + 0 - 1/12*t**4. Give b(-6).
7
Let t be ((-11)/(-22))/((-2)/(-24)). Let v(b) = -2*b**3 + 7*b + 3*b**3 - 1 - 9*b - 7*b - t*b**2. Suppose -5*l = -r - 3*l + 17, -l - 5 = 0. Calculate v(r).
-15
Let r(b) = 116*b - 118*b + 7045 - 7058. Determine r(-18).
23
Let j(x) = -3*x**2 - x + 2. Let m(u) = -4*u**2 - 2*u + 3. Let i(p) = 5*j(p) - 4*m(p). Let s(f) = f**3 + 9*f**2 + 9*f + 5. Let l be s(-8). Calculate i(l).
-2
Suppose 0 = 10*f - 13*f. Let d be (-3186)/(-27)*(1 - f)/2. Let w(i) = -1 - 5*i**2 + 6*i + 58*i**3 - d*i**3 - i**2. What is w(-7)?
6
Let n(a) = -1514 - 1419 + 2977 - 12*a. Calculate n(8).
-52
Let s(a) = 5*a. Let w(d) = d + 1. Let m(t) = s(t) - 6*w(t). Suppose 47*k - 243118 + 242789 = 0. What is m(k)?
-13
Let s be 7/4 - (-13 - 171/(-12)). Let v(c) be the first derivative of 3*c - 21 + s*c**2. Calculate v(4).
7
Let n(g) = 40*g + 5. Let c(a) = -181*a - 22. Let t(h) = 4*c(h) + 18*n(h). What is t(1)?
-2
Let i(v) = -v**3 + v + 1. Let u(f) = 6*f**3 + 5*f**2 - 12*f - 1. Let q(c) = 5*i(c) + u(c). Let d = -479 + -95. Let p = -580 - d. Give q(p).
10
Suppose -3*c + 534 - 570 = 0. Let b(d) = -d**3 - 12*d**2 - 5*d - 56. Let o be b(c). Let n(j) = -j**3 + 4*j**2. Calculate n(o).
0
Let h(z) be the third derivative of -z**6/120 + z**5/15 - 3*z**4/8 + 8*z**3/3 + 12468*z**2. Give h(5).
-54
Let m(x) = -x + 5. Let k(t) = -t + 6. Let p = -230 - -224. Let s(z) = p*m(z) + 5*k(z). What is s(1)?
1
Let p(v) be the first derivative of v**3/3 + 9*v**2/2 + 19*v - 680. Calculate p(-5).
-1
Let y(h) = 4*h - 5. Suppose -t - 5 = -2*t. Let f be y(t). Suppose 0 = 8*l + f + 65. Let g(x) = -x**3 - 9*x**2 + 12*x + 15. Determine g(l).
-5
Let s(h) = h**2 - 15*h + 27. Let o(f) = -f**3 - 13*f**2 - 33*f - 19. Let g be o(-10). Determine s(g).
-17
Let i(m) = m - 6. Let y be i(9). Suppose -270 + 318 = 6*x. Let d(j) = j**3 - x - j**2 - 2 + j - 2 - 2*j**y. Determine d(0).
-12
Let g(t) = -29*t + 76. Let n be g(-19). Let s(o) = -n - 11*o**3 + 626 - 6*o**3. Calculate s(1).
-18
Let w(l) = l - 45. Let t be w(-10). Let g = t - -48. Let h(j) = -j**3 - 6*j**2 + 6*j + 5. Calculate h(g).
12
Let a(r) = 25*r**2 - 6*r + 16. Let l(f) = -113*f**2 + 23*f - 69. Let c(h) = -9*a(h) - 2*l(h). Let i(y) = 2 - 4 - 3*y + 2*y. Let k be i(5). What is c(k)?
-13
Let r = 76 - -90. Suppose -2*t - 3*l + 326 = 0, 2*t + 144 = 3*l + 482. Let y(v) = r - t + 3*v + v. Calculate y(-1).
-4
Let s(t) = 0 - 4 - t + 2. Suppose -96 = 212*m - 216*m. Let p(w) = 4*w - 99. Let n be p(m). Calculate s(n).
1
Let v(s) = 19*s**2 - s + 2. Let x(k) = -105*k**2 + 5*k - 12. Let d(t) = 11*v(t) + 2*x(t). Calculate d(0).
-2
Let v = -3914 - -3922. Let i(m) = 2*m + 25. Calculate i(v).
41
Let y be ((-116)/(-8))/((-2)/(237*-4)). Let i(v) = 9*v + y - 6873. What is i(1)?
9
Let a(u) = 4*u - 8*u + 1 + 0. Let g(d) = -16*d + 2*d**2 + 1 - 47 - 3*d**2. Let t be g(-4). Determine a(t).
-7
Let z(b) be the second derivative of b**4/6 - b**3/2 - 3*b**2 - 15*b + 1. Give z(5).
29
Let p(n) = 2*n**3 + 39*n**2 + 20*n + 30. Let c(h) = 2*h**3 - 53*h**2 + 86*h - 294. Let f be c(25). Calculate p(f).
11
Let a(m) be the third derivative of m**5/12 + 5*m**3/6 + 27*m**2 + 3*m. Determine a(-3).
50
Let d(f) = 2*f**2 + 55*f + 70. Let q(t) = -5*t**2 - 214*t - 278. Let p(h) = 9*d(h) + 2*q(h). Give p(-7).
-3
Suppose 58 = 32*l + 186. Let p(a) = -12*a + 9. Calculate p(l).
57
Let j(h) = -4 - 5 + h**2 + 0*h - 5*h + 3. Let w(g) = 2*g**3 - 5*g**2 - g + 1. Let o = 36 + -33. Let s be w(o). What is j(s)?
8
Let a(c) = -8*c**2 - 3*c. Let o be 3/24 + -5 + (-276)/(-96). Determine a(o).
-26
Suppose 3*d - 19 - 74 = 0. Suppose 5*a + d = -3*k + 17, -a - 14 = -5*k. Let t(h) = -h**3 - 2*h**2 + 6*h + 3. Determine t(a).
11
Let q(i) be the third derivative of 2*i**5/15 - 35*i**4/24 + 7*i**3/6 - 2020*i**2. Give q(4).
-5
Let s(b) be the third derivative of -b**6/60 + b**5/60 - b**4/24 + b**3/6 + b**2 + 36. Let w be -2 - 18/4*-2. Let p = -5 + w. Give s(p).
-13
Let h(t) = -t**3 + 83*t**2 - 158*t - 322. Let n be h(81). Let p(s) = 7*s**3 - 4*s**2 + 3*s. Determine p(n).
46
Let v(g) = -2*g**3 - 33*g**2 + 322*g + 38. Let b(o) = o**3 + 17*o**2 - 175*o - 19. Let r(d) = -11*b(d) - 6*v(d). Calculate r(-11).
58
Let a be (3 - 28/6)/(10/(-12)). Let r(y) = -150*y**2 + 149*y**a + 3 - 8*y + 10. What is r(-9)?
4
Suppose -224*h - 67*h - 738 = -45*h. Let y(l) = 0 - 7 - l - 2*l. What is y(h)?
2
Let n(h) = 2*h - 4. Let z(s) = 3*s + 13. Let g(m) = 2*n(m) - 2*z(m). Determine g(-11).
-12
Suppose -109*p + 273 + 272 = 0. Let v(m) = 4*m**2 - 17*m - 13. What is v(p)?
2
Suppose -763*t = -788*t + 125. Let i(b) = 6*b**3 + 1 + b**2 + 3*b**2 - 7*b**3 + 5*b + 2*b. Determine i(t).
11
Let t(b) be the first derivative of -b**6/360 - b**5/12 - b**4/4 + 53*b**3/3 - 86. Let a(v) be the third derivative of t(v). Give a(-9).
3
Let m(d) = -d + 14. Let z be m(19). Let q(c) = -5*c + 5. Let h(b) = -6*b + 7. Let w(l) = z*q(l) + 4*h(l). Calculate w(3).
6
Let v(b) = 33*b**2 - 32*b**2 - 33 + 24*b + 20 - 26. Give v(-25).
-14
Let o(c) = -33 - 767*c + 778*c - c**3 - 38*c**2 + 36*c**2. Determine o(-5).
-13
Let z = -23 - -29. Let j(g) = 2 + g - g - 4*g - z*g. Let a = -105 - -107. Give j(a).
-18
Let i = 36 + -38. Let v(g) = 4*g + 12. Let h be v(i). Let z(p) = -1 - 1 - 1 - 4 + h*p. What is z(6)?
17
Let n(d) = -d**3 - 6*d**2 + 2*d + 12. Suppose 220*v + 958 = -362. Determine n(v).
0
Let g(o) = 5*o**2 + 42*o - 17. Let y be g(-30). Let f(r) = -y*r**2 + 4 + r**3 - 6 + 3224*r**2. Determine f(2).
10
Let z(x) = 2*x**2 - 33. Let h = 967 + -971. Give z(h).
-1
Let f(b) = 4 - 658265*b + 13 + 658269*b. What is f(-7)?
-11
Let f(v) = -2*v - 15. Let y be f(-9). Suppose -y*b = -12*b + 27. Let n(d) = -13*d - 4. Let u(a) = -6*a - 2. Let g(l) = b*n(l) - 7*u(l). Determine g(4).
14
Let p(w) be the second derivative of -w**7/840 + w**6/60 + w**5/40 - w**4/4 - 15*w**3 + 41*w - 2. Let m(h) be the second derivative of p(h)